divisor of 146 and 6041626.
146
Calculate the highest common factor of 79474 and 223570.
158
What is the highest common factor of 5644 and 5202?
34
What is the greatest common divisor of 16896390 and 630?
210
What is the highest common divisor of 5400 and 237825?
225
Calculate the highest common divisor of 4972480 and 1845.
205
What is the greatest common divisor of 315 and 6155355?
15
Calculate the highest common factor of 130 and 12485390.
10
Calculate the highest common divisor of 942 and 698848134.
942
Calculate the highest common divisor of 6497 and 1292319.
73
Calculate the greatest common factor of 3689 and 13116782.
217
What is the highest common divisor of 19975790 and 18120?
1510
What is the highest common factor of 206267 and 324228?
659
What is the greatest common divisor of 108 and 3194262?
54
What is the highest common divisor of 18224505 and 6955?
65
Calculate the greatest common factor of 192803327 and 78849.
8761
What is the highest common factor of 2800 and 13863600?
400
What is the greatest common divisor of 578603553 and 11?
11
Calculate the highest common divisor of 4716 and 917587404.
4716
Calculate the highest common divisor of 81742106 and 1614.
538
Calculate the highest common factor of 169 and 929578.
13
Calculate the greatest common factor of 2544 and 30186256.
848
What is the highest common factor of 45924025 and 490?
245
What is the greatest common factor of 222 and 6582004?
74
What is the highest common factor of 2400178 and 106018?
1738
What is the highest common divisor of 5681 and 2195051?
437
Calculate the highest common divisor of 340218190 and 7670.
7670
What is the greatest common factor of 257730435 and 186?
93
Calculate the highest common factor of 21045 and 114379.
23
What is the highest common divisor of 14 and 672102018?
14
What is the highest common divisor of 10741 and 5911?
23
What is the greatest common factor of 171794208 and 2670?
534
Calculate the greatest common divisor of 30 and 1326282.
6
Calculate the greatest common factor of 18556381 and 73.
73
What is the highest common factor of 3023095911 and 33?
33
What is the greatest common divisor of 483 and 10368561?
483
What is the highest common divisor of 169953 and 1344?
21
Calculate the greatest common divisor of 198244 and 430668.
6836
What is the highest common divisor of 3437504811 and 1053?
1053
What is the greatest common factor of 130677525 and 7920?
495
What is the greatest common divisor of 152856 and 605?
11
Calculate the greatest common divisor of 243340 and 374210.
230
Calculate the highest common factor of 1987658 and 34.
2
What is the greatest common divisor of 1761 and 17169?
3
What is the greatest common factor of 20684672 and 768?
128
What is the greatest common divisor of 392 and 12028520?
392
What is the greatest common divisor of 14175 and 7230825?
1575
Calculate the highest common divisor of 84900 and 33600.
300
Calculate the greatest common divisor of 6929 and 3159793.
169
What is the greatest common factor of 11170 and 359770?
10
What is the highest common factor of 114478289 and 34?
17
What is the highest common divisor of 11997685 and 665?
35
What is the highest common divisor of 51075 and 1757400?
75
What is the greatest common divisor of 12 and 4428408?
12
Calculate the greatest common factor of 179839 and 82830.
11
What is the highest common divisor of 6472 and 165277082?
1618
Calculate the highest common divisor of 18023379 and 1298.
649
What is the highest common factor of 644828 and 5750?
46
Calculate the highest common divisor of 108528615 and 1755.
585
Calculate the highest common factor of 7346 and 283529889.
3673
Calculate the highest common divisor of 4569 and 331101723.
4569
What is the greatest common factor of 9795456 and 156?
12
What is the greatest common factor of 4046 and 39328276?
578
What is the highest common factor of 1790367 and 15?
3
What is the greatest common factor of 1684575 and 75?
75
Calculate the highest common divisor of 8898490 and 17730.
1970
Calculate the highest common factor of 573 and 52556897.
191
What is the greatest common divisor of 1463 and 16039485?
77
Calculate the highest common divisor of 82163992 and 111724.
3604
Calculate the highest common divisor of 491323 and 1517.
37
What is the greatest common divisor of 3160 and 149080?
40
Calculate the highest common factor of 176 and 8553864.
88
What is the highest common factor of 266200 and 17380?
220
Calculate the greatest common divisor of 64623980 and 13140.
1460
What is the highest common divisor of 488 and 2979058952?
488
What is the greatest common divisor of 48749856 and 124?
124
What is the greatest common divisor of 83974184 and 1434824?
14792
What is the greatest common factor of 1043252 and 1786?
38
What is the highest common divisor of 29142276 and 57?
57
What is the highest common divisor of 728 and 82536818?
182
What is the greatest common factor of 65062 and 78?
2
What is the highest common divisor of 3900 and 860431?
13
What is the greatest common divisor of 1349 and 1588571?
19
What is the greatest common factor of 4046 and 523054?
14
Calculate the greatest common divisor of 715 and 117939140.
55
Calculate the greatest common divisor of 30970042 and 7453.
257
What is the highest common divisor of 50 and 121850?
50
What is the highest common divisor of 102 and 1028329422?
102
What is the greatest common divisor of 12921987 and 8658?
39
What is the highest common divisor of 264668 and 26833584?
2084
What is the highest common factor of 1786 and 3665624?
94
What is the greatest common factor of 8221185 and 189?
63
Calculate the greatest common factor of 48089822 and 198.
22
What is the highest common divisor of 6030 and 49949505?
3015
What is the highest common factor of 603 and 172576188?
603
What is the highest common factor of 68 and 142?
2
What is the greatest common factor of 250 and 2026260?
10
What is the highest common divisor of 286 and 36234666?
26
Calculate the greatest common factor of 13846876 and 124.
4
What is the greatest common divisor of 418523 and 650645?
3517
What is the highest common factor of 177416 and 542968?
536
What is the highest common divisor of 232 and 34915304?
232
Calculate the highest common divisor of 10266 and 95406.
6
Calculate the highest common factor of 500 and 20845420.
20
Calculate the greatest common factor of 248561 and 25787.
107
Calculate the greatest common factor of 1043 and 29857514.
149
What is the highest common divisor of 619 and 17129587?
619
What is the highest common factor of 1272 and 17598915?
159
Calculate the greatest common factor of 269632 and 5324.
44
What is the greatest common divisor of 270809310 and 4690?
670
What is the highest common factor of 23975 and 15558816?
959
What is the highest common divisor of 294 and 26772249?
21
Calculate the highest common factor of 23790 and 574860.
390
Calculate the highest common factor of 104710770 and 54900.
5490
Calculate the greatest common divisor of 283045 and 17176788.
8087
What is the highest common divisor of 321286 and 175112?
742
What is the highest common divisor of 36 and 47965152?
12
What is the greatest common divisor of 30957 and 6808719?
1821
What is the greatest common divisor of 214 and 8968740?
214
What is the highest common factor of 1281 and 10470101?
61
Calculate the greatest common factor of 2328467 and 628.
157
What is the highest common divisor of 20 and 1265490?
10
What is the greatest common factor of 2867842 and 1462?
86
What is the greatest common divisor of 96 and 29205?
3
What is the highest common factor of 23800 and 161466900?
700
What is the greatest common divisor of 1299138 and 39?
3
What is the highest common divisor of 5060060 and 4860?
20
What is the greatest common factor of 4469055 and 2008?
251
What is the greatest common factor of 164844 and 49932?
684
Calculate the highest common factor of 201637130 and 2118.
706
What is the highest common factor of 15697 and 14377?
11
What is the greatest common factor of 2058 and 4431714?
42
Calculate the highest common divisor of 299425 and 1932014.
413
What is the greatest common divisor of 8064 and 182602?
14
Calculate the highest common divisor of 10375573 and 26.
13
What is the greatest common divisor of 6560 and 414428?
164
